{"id":181,"date":"2020-07-09T13:10:39","date_gmt":"2020-07-09T11:10:39","guid":{"rendered":"https:\/\/criticaldiversity.udk-berlin.de\/experiences-2\/"},"modified":"2025-03-12T21:49:37","modified_gmt":"2025-03-12T20:49:37","slug":"info","status":"publish","type":"page","link":"https:\/\/criticaldiversity.udk-berlin.de\/en\/info\/","title":{"rendered":"Info"},"content":{"rendered":"<p><\/p>\n\n\n\n<p>The Critical Diversity Blog is a project of the working group <a href=\"https:\/\/criticaldiversity.udk-berlin.de\/en\/initiativen#agcriticaldiversity\">Critical Diversity<\/a> at the Berlin University of the Arts. It collects reports, conversations, texts, and artistic contributions on diversity and anti-discrimination. All members of UdK Berlin are welcome to submit their contributions. This will allow for a detailed picture of moments and structures of discrimination at an art university to emerge.&nbsp;<\/p>\n\n\n\n<p><\/p>\n\n\n\n<p><a href=\"mailto:diversity@udk-berlin.de\" target=\"_blank\" rel=\"noreferrer noopener\">diversity@udk-berlin.de<\/a>.<\/p>\n\n\n\n<p>We thank the university management of UdK Berlin for their support.<\/p>\n\n\n\n<h2><span class=\"ez-toc-section\" id=\"i\"><\/span>\u00a0<span class=\"ez-toc-section-end\"><\/span><\/h2>\r\n<h2><span class=\"ez-toc-section\" id=\"Framework_Antidiscrimination\"><\/span>Framework Antidiscrimination<span class=\"ez-toc-section-end\"><\/span><\/h2>\r\n<p>\n\n\n\n<\/p>\r\n<p class=\"is-style-more-info-paragraph\">GENERAL EQUAL TREATMENT ACT<\/p>\r\n<p>\n\n\n\n<\/p>\r\n<p>The\u00a0<a href=\"https:\/\/www.antidiskriminierungsstelle.de\/DE\/ThemenUndForschung\/Recht_und_gesetz\/DasGesetz\/dasGesetz_node.html\" target=\"_blank\" rel=\"noreferrer noopener\">General Equal Treatment Act (Allgemeines Gleichbehandlungsgesetz, AGG)<\/a>\u00a0is the uniform central body of regulations in Germany for the implementation of four European anti-discrimination directives that have been issued since 2000. It came into force on 18 August 2006.<\/p>\r\n<p>\n\n\n\n<\/p>\r\n<p class=\"is-style-more-info-paragraph\">STATE ANTI-DISCRIMINATION ACT<\/p>\r\n<p>\n\n\n\n<\/p>\r\n<p>The\u00a0<a href=\"https:\/\/www.berlin.de\/sen\/lads\/recht\/ladg\/\" target=\"_blank\" rel=\"noreferrer noopener\">State Anti-Discrimination Act (LADG)<\/a>\u00a0is the central anti-discrimination law key project of the Berlin Senate. The Chamber of Deputies passed it in its session on 04.06.2020<\/p>\r\n<p>\n\n\n\n<\/p>\r\n<p class=\"is-style-more-info-paragraph\">UNIVERSITY CONTRACT OF THE BERLIN UNIVERSITY OF THE ARTS<\/p>\r\n<p>\n\n\n\n<\/p>\r\n<p class=\"is-style-default\">The current\u00a0<a href=\"https:\/\/www.berlin.de\/sen\/wissenschaft\/politik\/hochschulvertraege\/hochschulvertrag-2018-2022-03-tu-inkl-anlagen.pdf\" target=\"_blank\" rel=\"noreferrer noopener\">university contract of the Berlin University of the Arts (PDF)<\/a>\u00a0runs from 2018 to 2022, and the UdK&#8217;s Diversity Policy must be adopted by 2022 at the latest.<\/p>\r\n<p>\n\n\n\n<\/p>\r\n<p class=\"is-style-more-info-paragraph\">GUIDELINES ON GENDER JUSTICE AND ANTI-DISCRIMINATION AT THE UDK BERLIN<\/p>\r\n<p>\n\n\n\n<\/p>\r\n<p><a href=\"https:\/\/www.udk-berlin.de\/universitaet\/gleichstellungspolitik\/umgang-mit-diskriminierung\/richtlinie-zum-schutz-gegen-sexualisierte-diskriminierung-belaestigung-und-gewalt\/\" target=\"_blank\" rel=\"noreferrer noopener\">Directive on protection against (sexualised) discrimination, harassment and violence.<\/a>\u00a0The Directive entered into force on 29 June 2019. It is accompanied by the establishment of the Confidence Council (Vertrauensrat), which provides information on (sexualised) discrimination, harassment and violence, supports those affected, and recommends preventive measures.<\/p>\r\n<p>\n\n\n\n<\/p>\r\n<p class=\"is-style-more-info-paragraph\">UDK BROCHURE ON SEXUALISED DISCRIMINATION AND VIOLENCE<\/p>\r\n<p>\n\n\n\n<\/p>\r\n<p><a href=\"https:\/\/www.udk-berlin.de\/fileadmin\/2_dezentral\/FR_Gleichstellungspolitik\/Naehe_und_Distanz\/UDK_Broschuere_NaeheDistanz_web.pdf\" target=\"_blank\" rel=\"noreferrer noopener\">PDF download of the brochure<\/a><\/p>\r\n<p>\n\n\n\n<\/p>\r\n<p class=\"is-style-more-info-paragraph\">STATUTE FOR THE REALISATION OF EQUAL OPPORTUNITIES<\/p>\r\n<p>\n\n\n\n<\/p>\r\n<p>The far-reaching statute was unanimously adopted by the Academic Senate on 6 May 2020 and is now before the Berlin Senate for examination.<\/p>\r\n<p>\n\n\n\n<\/p>\r\n<p class=\"is-style-more-info-paragraph\">MEASURES FOR MORE GENDER JUSTICE AT THE UDK BERLIN<\/p>\r\n<p>\n\n\n\n<\/p>\r\n<p>The\u00a0<a href=\"https:\/\/criticaldiversity.udk-berlin.de\/fuer-eine-gendergerechte-udk\/\">measures<\/a>\u00a0are based on the statute for equal opportunities and regulate the recognition and integration of non-binary gender identities, the recognition and integration of self-chosen first names and the introduction of up to 50% gender-neutral toilets.<\/p>\r\n<p>\n\n\n\n<\/p>\r\n<h2 class=\"wp-block-heading\"><span class=\"ez-toc-section\" id=\"i-2\"><\/span>\u00a0<span class=\"ez-toc-section-end\"><\/span><\/h2>\r\n<h2><span class=\"ez-toc-section\" id=\"Critical_Diversity_Policy_of_the_Berlin_University_of_the_Arts\"><\/span>Critical Diversity Policy of the Berlin University of the Arts<span class=\"ez-toc-section-end\"><\/span><\/h2>\r\n<p>\n\n\n\n<\/p>\r\n<p>On December 7th, 2022, the <a href=\"http:\/\/udk-berlin.de\/fileadmin\/2_dezentral\/Referat_Studienangelegenheiten\/Gremien\/KfC\/2022-12-07_352_AS_52-22_Critical_Diversity_Policy_Veroeffentlichung_Website.pdf\" target=\"_blank\" rel=\"noreferrer noopener\" data-type=\"URL\" data-id=\"udk-berlin.de\/fileadmin\/2_dezentral\/Referat_Studienangelegenheiten\/Gremien\/KfC\/2022-12-07_352_AS_52-22_Critical_Diversity_Policy_Veroeffentlichung_Website.pdf\">Critical Diversity Policy<\/a> \u2013 Concept for Antidiscrimination and Diversity of the UdK Berlin \u2013 was unanimously approved by the Academic Senate of the UdK Berlin after many years of intensive work by various actors and committees.<\/p>\r\n<p>\n\n\n\n<\/p>\r\n<p>&nbsp;<\/p>\n\n\n\n<h2 class=\"wp-block-heading\"><span class=\"ez-toc-section\" id=\"Members_of_the_Critical_Diversity_Working_Group\"><\/span>Members of the Critical Diversity Working Group<span class=\"ez-toc-section-end\"><\/span><\/h2>\n\n\n\n<p>The Critical Diversity WG is an initiative of <a href=\"https:\/\/www.udk-berlin.de\/universitaet\/zentrale-gremien\/kommission-fuer-chancengleichheit-kfc\/\">Standing Equal Opportunity <\/a><a href=\"https:\/\/www.udk-berlin.de\/universitaet\/zentrale-gremien\/kommission-fuer-chancengleichheit-kfc\/\">Commission.<\/a><br>It is an association of actors in the field of anti-discrimination at UdK Berlin.<\/p>\n\n\n\n<p class=\"is-style-more-info-paragraph\">Members<br>(the personal details refer to the time of participation in the working group)<\/p>\n\n\n\n<p class=\"is-style-default\">Juana Awad, Research Training Group Knowledge in the Arts, member EOC<br>Elena Buscaino, student, College of Design, student assistent working group<br>Loran Celebi, AStA Department of Antidiscrimination<br>\u0130pek \u00c7\u0131nar, AStA Department for Diversity and Equity<br>Tashy Endres, reseacher, College of Design, member EOC<br>Dr. Mutlu Erg\u00fcn-Hamaz, diversity and antidiscrimination officer, (2022\/23)<br>Dr. Maja Figge, Research Training Group Knowledge in the Arts, member EOC<br>Samara Hammud, student, College of Design, I.D.A.<br>Sarah Naira Herfurth, student, College of Design, I.D.A.<br>Leon Hochh\u00e4user, student assitant EOC, member EOC<br>Claudia Hummel, College of Fine Art, member EOC<br>Romy Kiessling, researcher, College of Design, member EOC<br>Merle Krafeld, student, College of Music, member EOC<br>Dr. Henrike Lehnguth, women\u2019s representative (2021\u20132023)<br>Adela Lovri\u0107, Berlin Career College, student assitant WG<br>Katharina L\u00fcdin, College of Design, member EOC, StuPa, student assitant WG<br>Prof. Dr. Nanna L\u00fcth, College of Fine Art, member EOC<br>Johanna Madden, women\u2019s representative College of Music<br>Alejandra Nieves Camacho, diversity and anti-discrimination officer<br>Dal\u00eds Pacheco, College of Design, member EOC, StuPa<br>Prof. Dr. Kathrin Peters, College of Design, member EOC (chair 2019\u20132023)<br>Helena Rauch, College of Fine Art, StuPa<br>Prof. Dr. Katja Rothe, College Performative Art, member EOC (chair until 2018)<br>Naile Tan\u0131\u015f, women\u2019s representative (2019\u20132021)<br>Prof. Mathilde ter Heijne, College of Fine Art, member EOC (chair since 2023)<br>Heidi Umbach, Berlin Career College, member EOC<br>Dr. Melanie Waldheim, member of EOC (vice-chair sind 2023)<br>Christina S. Zhu, student, College of Design, AStA Department for Intercultural Affairs and Equity<\/p>\n\n\n\n<h2 class=\"wp-block-heading\"><span class=\"ez-toc-section\" id=\"i-3\"><\/span>\u00a0<span class=\"ez-toc-section-end\"><\/span><\/h2>\r\n<h2><span class=\"ez-toc-section\" id=\"Editorial_Team_of_the_Critical_Diversity_Blog\"><\/span>Editorial Team of the Critical Diversity Blog<span class=\"ez-toc-section-end\"><\/span><\/h2>\n\n\n\n<p><strong>Editors of the Critical Diversity Blog:<\/strong><br>Leon Hochh\u00e4user, Alejandra Nieves Camacho, Kathrin Peters, Melanie Waldheim<\/p>\n\n\n\n<p><strong>Design and implementation of the Critical Diversity Blog:<\/strong><br>Elena Buscaino, Lukas Graf<\/p>\n\n\n\n<p>Suggestions for texts, artistic contributions and talks are always welcome.<br><a href=\"mailto:diversity@udk-berlin.de\" target=\"_blank\" rel=\"noreferrer noopener\">diversity@udk-berlin.de<\/a><\/p>\n\n\n\n<p><\/p>","protected":false},"excerpt":{"rendered":"<p>The Critical Diversity Blog is a project of the working group Critical Diversity at the Berlin University of the Arts. It collects reports, conversations, texts, and artistic contributions on diversity and anti-discrimination. All members of UdK Berlin are welcome to submit their contributions. This will allow for a detailed picture of moments and structures of [&hellip;]<\/p>\n","protected":false},"author":9,"featured_media":0,"parent":0,"menu_order":5,"comment_status":"closed","ping_status":"closed","template":"","meta":{"_eb_attr":"","footnotes":""},"_links":{"self":[{"href":"https:\/\/criticaldiversity.udk-berlin.de\/en\/wp-json\/wp\/v2\/pages\/181"}],"collection":[{"href":"https:\/\/criticaldiversity.udk-berlin.de\/en\/wp-json\/wp\/v2\/pages"}],"about":[{"href":"https:\/\/criticaldiversity.udk-berlin.de\/en\/wp-json\/wp\/v2\/types\/page"}],"author":[{"embeddable":true,"href":"https:\/\/criticaldiversity.udk-berlin.de\/en\/wp-json\/wp\/v2\/users\/9"}],"replies":[{"embeddable":true,"href":"https:\/\/criticaldiversity.udk-berlin.de\/en\/wp-json\/wp\/v2\/comments?post=181"}],"version-history":[{"count":5,"href":"https:\/\/criticaldiversity.udk-berlin.de\/en\/wp-json\/wp\/v2\/pages\/181\/revisions"}],"predecessor-version":[{"id":4607,"href":"https:\/\/criticaldiversity.udk-berlin.de\/en\/wp-json\/wp\/v2\/pages\/181\/revisions\/4607"}],"wp:attachment":[{"href":"https:\/\/criticaldiversity.udk-berlin.de\/en\/wp-json\/wp\/v2\/media?parent=181"}],"curies":[{"name":"wp","href":"https:\/\/api.w.org\/{rel}","templated":true}]}}

<p></p>



<p>The Critical Diversity Blog is a project of the working group <a href="https://criticaldiversity.udk-berlin.de/en/initiativen#agcriticaldiversity">Critical Diversity</a> at the Berlin University of the Arts. It collects reports, conversations, texts, and artistic contributions on diversity and anti-discrimination. All members of UdK Berlin are welcome to submit their contributions. This will allow for a detailed picture of moments and structures of discrimination at an art university to emerge.&nbsp;</p>



<p></p>



<p><a href="mailto:diversity@udk-berlin.de" target="_blank" rel="noreferrer noopener">diversity@udk-berlin.de</a>.</p>



<p>We thank the university management of UdK Berlin for their support.</p>



<h2><span class="ez-toc-section" id="i"></span> <span class="ez-toc-section-end"></span></h2>
<h2><span class="ez-toc-section" id="Framework_Antidiscrimination"></span>Framework Antidiscrimination<span class="ez-toc-section-end"></span></h2>
<p>



</p>
<p class="is-style-more-info-paragraph">GENERAL EQUAL TREATMENT ACT</p>
<p>



</p>
<p>The <a href="https://www.antidiskriminierungsstelle.de/DE/ThemenUndForschung/Recht_und_gesetz/DasGesetz/dasGesetz_node.html" target="_blank" rel="noreferrer noopener">General Equal Treatment Act (Allgemeines Gleichbehandlungsgesetz, AGG)</a> is the uniform central body of regulations in Germany for the implementation of four European anti-discrimination directives that have been issued since 2000. It came into force on 18 August 2006.</p>
<p>



</p>
<p class="is-style-more-info-paragraph">STATE ANTI-DISCRIMINATION ACT</p>
<p>



</p>
<p>The <a href="https://www.berlin.de/sen/lads/recht/ladg/" target="_blank" rel="noreferrer noopener">State Anti-Discrimination Act (LADG)</a> is the central anti-discrimination law key project of the Berlin Senate. The Chamber of Deputies passed it in its session on 04.06.2020</p>
<p>



</p>
<p class="is-style-more-info-paragraph">UNIVERSITY CONTRACT OF THE BERLIN UNIVERSITY OF THE ARTS</p>
<p>



</p>
<p class="is-style-default">The current <a href="https://www.berlin.de/sen/wissenschaft/politik/hochschulvertraege/hochschulvertrag-2018-2022-03-tu-inkl-anlagen.pdf" target="_blank" rel="noreferrer noopener">university contract of the Berlin University of the Arts (PDF)</a> runs from 2018 to 2022, and the UdK&#8217;s Diversity Policy must be adopted by 2022 at the latest.</p>
<p>



</p>
<p class="is-style-more-info-paragraph">GUIDELINES ON GENDER JUSTICE AND ANTI-DISCRIMINATION AT THE UDK BERLIN</p>
<p>



</p>
<p><a href="https://www.udk-berlin.de/universitaet/gleichstellungspolitik/umgang-mit-diskriminierung/richtlinie-zum-schutz-gegen-sexualisierte-diskriminierung-belaestigung-und-gewalt/" target="_blank" rel="noreferrer noopener">Directive on protection against (sexualised) discrimination, harassment and violence.</a> The Directive entered into force on 29 June 2019. It is accompanied by the establishment of the Confidence Council (Vertrauensrat), which provides information on (sexualised) discrimination, harassment and violence, supports those affected, and recommends preventive measures.</p>
<p>



</p>
<p class="is-style-more-info-paragraph">UDK BROCHURE ON SEXUALISED DISCRIMINATION AND VIOLENCE</p>
<p>



</p>
<p><a href="https://www.udk-berlin.de/fileadmin/2_dezentral/FR_Gleichstellungspolitik/Naehe_und_Distanz/UDK_Broschuere_NaeheDistanz_web.pdf" target="_blank" rel="noreferrer noopener">PDF download of the brochure</a></p>
<p>



</p>
<p class="is-style-more-info-paragraph">STATUTE FOR THE REALISATION OF EQUAL OPPORTUNITIES</p>
<p>



</p>
<p>The far-reaching statute was unanimously adopted by the Academic Senate on 6 May 2020 and is now before the Berlin Senate for examination.</p>
<p>



</p>
<p class="is-style-more-info-paragraph">MEASURES FOR MORE GENDER JUSTICE AT THE UDK BERLIN</p>
<p>



</p>
<p>The <a href="https://criticaldiversity.udk-berlin.de/fuer-eine-gendergerechte-udk/">measures</a> are based on the statute for equal opportunities and regulate the recognition and integration of non-binary gender identities, the recognition and integration of self-chosen first names and the introduction of up to 50% gender-neutral toilets.</p>
<p>



</p>
<h2 class="wp-block-heading"><span class="ez-toc-section" id="i-2"></span> <span class="ez-toc-section-end"></span></h2>
<h2><span class="ez-toc-section" id="Critical_Diversity_Policy_of_the_Berlin_University_of_the_Arts"></span>Critical Diversity Policy of the Berlin University of the Arts<span class="ez-toc-section-end"></span></h2>
<p>



</p>
<p>On December 7th, 2022, the <a href="http://udk-berlin.de/fileadmin/2_dezentral/Referat_Studienangelegenheiten/Gremien/KfC/2022-12-07_352_AS_52-22_Critical_Diversity_Policy_Veroeffentlichung_Website.pdf" target="_blank" rel="noreferrer noopener" data-type="URL" data-id="udk-berlin.de/fileadmin/2_dezentral/Referat_Studienangelegenheiten/Gremien/KfC/2022-12-07_352_AS_52-22_Critical_Diversity_Policy_Veroeffentlichung_Website.pdf">Critical Diversity Policy</a> – Concept for Antidiscrimination and Diversity of the UdK Berlin – was unanimously approved by the Academic Senate of the UdK Berlin after many years of intensive work by various actors and committees.</p>
<p>



</p>
<p>&nbsp;</p>



<h2 class="wp-block-heading"><span class="ez-toc-section" id="Members_of_the_Critical_Diversity_Working_Group"></span>Members of the Critical Diversity Working Group<span class="ez-toc-section-end"></span></h2>



<p>The Critical Diversity WG is an initiative of <a href="https://www.udk-berlin.de/universitaet/zentrale-gremien/kommission-fuer-chancengleichheit-kfc/">Standing Equal Opportunity </a><a href="https://www.udk-berlin.de/universitaet/zentrale-gremien/kommission-fuer-chancengleichheit-kfc/">Commission.</a><br>It is an association of actors in the field of anti-discrimination at UdK Berlin.</p>



<p class="is-style-more-info-paragraph">Members<br>(the personal details refer to the time of participation in the working group)</p>



<p class="is-style-default">Juana Awad, Research Training Group Knowledge in the Arts, member EOC<br>Elena Buscaino, student, College of Design, student assistent working group<br>Loran Celebi, AStA Department of Antidiscrimination<br>İpek Çınar, AStA Department for Diversity and Equity<br>Tashy Endres, reseacher, College of Design, member EOC<br>Dr. Mutlu Ergün-Hamaz, diversity and antidiscrimination officer, (2022/23)<br>Dr. Maja Figge, Research Training Group Knowledge in the Arts, member EOC<br>Samara Hammud, student, College of Design, I.D.A.<br>Sarah Naira Herfurth, student, College of Design, I.D.A.<br>Leon Hochhäuser, student assitant EOC, member EOC<br>Claudia Hummel, College of Fine Art, member EOC<br>Romy Kiessling, researcher, College of Design, member EOC<br>Merle Krafeld, student, College of Music, member EOC<br>Dr. Henrike Lehnguth, women’s representative (2021–2023)<br>Adela Lovrić, Berlin Career College, student assitant WG<br>Katharina Lüdin, College of Design, member EOC, StuPa, student assitant WG<br>Prof. Dr. Nanna Lüth, College of Fine Art, member EOC<br>Johanna Madden, women’s representative College of Music<br>Alejandra Nieves Camacho, diversity and anti-discrimination officer<br>Dalís Pacheco, College of Design, member EOC, StuPa<br>Prof. Dr. Kathrin Peters, College of Design, member EOC (chair 2019–2023)<br>Helena Rauch, College of Fine Art, StuPa<br>Prof. Dr. Katja Rothe, College Performative Art, member EOC (chair until 2018)<br>Naile Tanış, women’s representative (2019–2021)<br>Prof. Mathilde ter Heijne, College of Fine Art, member EOC (chair since 2023)<br>Heidi Umbach, Berlin Career College, member EOC<br>Dr. Melanie Waldheim, member of EOC (vice-chair sind 2023)<br>Christina S. Zhu, student, College of Design, AStA Department for Intercultural Affairs and Equity</p>



<h2 class="wp-block-heading"><span class="ez-toc-section" id="i-3"></span> <span class="ez-toc-section-end"></span></h2>
<h2><span class="ez-toc-section" id="Editorial_Team_of_the_Critical_Diversity_Blog"></span>Editorial Team of the Critical Diversity Blog<span class="ez-toc-section-end"></span></h2>



<p><strong>Editors of the Critical Diversity Blog:</strong><br>Leon Hochhäuser, Alejandra Nieves Camacho, Kathrin Peters, Melanie Waldheim</p>



<p><strong>Design and implementation of the Critical Diversity Blog:</strong><br>Elena Buscaino, Lukas Graf</p>



<p>Suggestions for texts, artistic contributions and talks are always welcome.<br><a href="mailto:diversity@udk-berlin.de" target="_blank" rel="noreferrer noopener">diversity@udk-berlin.de</a></p>



<p></p>
